common factor of 23 and a?
23
Let w(b) = -51*b**3 - 2*b**2 - 2*b - 1. Let f be w(-1). Let i = 74186 - 74131. Calculate the highest common divisor of i and f.
5
Let j be (-87)/(-33) - 3 - (-2765906)/242. Calculate the highest common factor of j and 11.
11
Let g(n) = -2*n**3 - 92*n**2 - 266*n - 234. Let d be g(-43). What is the greatest common divisor of 1034 and d?
22
Let f be 1 + 58 - ((8 - 4) + -8). Let w = f - 35. What is the highest common factor of w and 7?
7
Suppose -5*t - 31 + 51 = 0. Suppose -17 = -3*s - 2*v, t*s - 4*v - 32 = -2*v. Let r be -5 + 1 + 12 + -1. What is the highest common divisor of s and r?
7
Let n(q) = -q + 40 + 2*q - 31. Let r(h) = h**2 - 2*h - 4. Let i be r(4). Let m be n(i). Calculate the highest common factor of 91 and m.
13
Let m be 0 + -2 + (-2 - -7). Suppose -m*q = 15, 3*y + 5*q = -0*y + 311. Calculate the greatest common divisor of 16 and y.
16
Let r be 6/(-5)*15/(-6). Suppose 2*h + 8 = 0, -2*v = 7*h - 5*h + 2. Suppose v*u + r*u - 420 = 0. Calculate the greatest common factor of u and 28.
14
Suppose 2*b + 5 = -1. Let n(h) = -h**3 - 3*h**2 + 2. Let y be n(b). Let o be 3/6 + (3 - (-409)/y). What is the highest common divisor of o and 52?
52
Suppose 0 = 273*a - 311*a + 6270. Calculate the highest common factor of a and 979.
11
Let d = 4110 - 3472. Calculate the highest common divisor of 176 and d.
22
Let l(m) = 98*m**2 + 557*m - 17. Let y be l(-6). Calculate the highest common divisor of 429 and y.
13
Let l(f) = -f**3 - 8*f**2 + 7*f - 5. Let a be l(-9). Suppose -a = i - 66. What is the highest common factor of i and 901?
53
Let n(u) = -2*u**2 + u**2 - 5*u**2 + u**2 - 4*u - u**3 - 8. Let l be n(-5). Suppose -55 = x - l*x. Calculate the highest common factor of 40 and x.
5
Suppose -1562 = -3*y + 2*a, -8*a + 1035 = 2*y - 3*a. Let x = y - 367. Calculate the highest common divisor of x and 102.
51
Suppose -4*v - 3*g = -137 - 134, -216 = -3*v + 2*g. What is the greatest common divisor of 252 and v?
14
Suppose 31 = 3*z - 29. Suppose 5*t - z = 0, -2*a = -a - 4*t. Calculate the highest common factor of 112 and a.
16
Let f be 8 + (2 + -4 - 0) - -2. Suppose -4*p = 9*d - f*d - 24, 3*p - 86 = -5*d. Calculate the highest common factor of d and 64.
16
Let n = 3497 + -3009. Calculate the greatest common divisor of 8 and n.
8
Suppose 0 = 12*s + 271497 + 348663. Let p be s/(-352) - (-4)/22. Let l(n) = n**2 - n + 21. Let t be l(0). Calculate the greatest common factor of t and p.
21
Let j(h) = -h - 7. Let a(u) = 2*u + 16. Let r(s) = -3*a(s) - 7*j(s). Let g be r(13). What is the highest common factor of 70 and g?
14
Suppose -2*a - 6 = 3*q, -5*a - 15 = 3*q + 2*q. Suppose 0 = -3*s - 3*l + 183, 4*s + 5*l - 79 - 170 = q. Calculate the greatest common factor of s and 280.
56
Let s(n) = -33*n - 6. Let b(h) = -47*h + 2. Let a be b(-1). Let p = a - 55. Let c be s(p). What is the highest common divisor of c and 24?
24
Suppose -40*o + 43*o - 28173 = m, 5*m - 30 = 0. Calculate the highest common divisor of 186 and o.
93
Let q be ((-72)/(-6))/((-9)/(-192)). Let i be (q/(-20))/(1/(-5)). Calculate the greatest common divisor of i and 24.
8
Let f = 2327 + -1833. Let p(j) = 6*j + 8. Let m be p(5). Calculate the highest common factor of m and f.
38
Let k be 2/(-3) + 1 - 1185/45. Let s(f) = -f**3 - 27*f**2 - 27*f + 10. Let q be s(k). Calculate the highest common divisor of q and 1044.
36
Let i = -277 - -482. Let y be (i/(-4))/(9/(-36)). Calculate the highest common divisor of y and 41.
41
Let t(q) be the first derivative of -q**3/3 - 4*q**2 - 5*q + 2. Let g be t(-5). Let d = 100335 - 100325. What is the greatest common divisor of g and d?
10
Let d = 4583 + -4183. Let f = 11 - -14. Calculate the highest common divisor of d and f.
25
Let l = 38703 - 38659. Calculate the highest common factor of 42262 and l.
22
Suppose 3*k + 1021 = 2*u + 2*k, 1539 = 3*u + k. Suppose -33*z + 15*z - 12*z + 1920 = 0. Calculate the greatest common factor of u and z.
64
Let b be (-4)/(-30) - (-10740)/450. Let o be ((-5)/(-10))/(4/768). Calculate the highest common factor of o and b.
24
Let q = -5289 + 3083. Let a be (-1)/(-6) - q/12. Let c = 6 - -17. What is the greatest common factor of c and a?
23
Let g(p) = -4*p + 2. Let u be g(-1). Let n be u + -6 + 3 - -1. Suppose 4*d = 6*d - 16. What is the highest common divisor of d and n?
4
Let o = -5101 - -5110. Calculate the greatest common factor of o and 2649.
3
Suppose 0 = -12*o + 35*o + 7383. Let u = -309 - o. What is the greatest common divisor of u and 1212?
12
Let s = 5449 - -5177. What is the highest common divisor of s and 69?
69
Suppose 8 = c - 4*u, 2*c - 20 = -2*u + 6*u. What is the highest common divisor of c and 498?
6
Let f(k) = 2*k**2 + 3*k - 5. Let g be f(-5). Let i = -266 + -32. Let n be (i + -2)*1/(-2). Calculate the highest common factor of g and n.
30
Let r(s) = -s**3 - 13*s**2 + 122*s + 1329. Let q be r(-18). What is the highest common factor of 7781 and q?
251
Let k(n) = -4*n**2 - 78*n + 32. Let u be k(-20). Let o = 82 - u. Calculate the highest common factor of 36 and o.
18
Let h be (-36)/(-342) - (-960)/(-95) - -58. Calculate the greatest common divisor of 4104 and h.
24
Let p = 15 + 3. Suppose f - 5*m = 387, 0 = 440*m - 444*m - 36. Calculate the highest common divisor of f and p.
18
Let h(y) = -2*y**2 - 184*y + 422. Let t be h(-73). Calculate the greatest common divisor of 141 and t.
47
Let t be 2 + 0 + -1 - 7552/32. Let a = 241 - t. Calculate the highest common factor of 28 and a.
28
Let t(j) = 3*j + 117. Let q = -609 - -582. Let d be t(q). Calculate the highest common divisor of 216 and d.
36
Suppose -210 = -16*h + 9*h. Suppose -a + h = 4*a. Suppose -174 = a*k - 894. What is the greatest common factor of 30 and k?
30
Let r = 10 - 8. Suppose 4*y + 0*y - 15 = -3*d, 0 = -r*y + 4*d + 24. Suppose -i = -y*i + 65. Calculate the highest common divisor of 91 and i.
13
Let w(a) = -a**3 + a**2 - 11*a + 5. Let s = 132 - 132. Let y be w(s). What is the highest common factor of 40 and y?
5
Let y = -2091 + 581. Let h be -5 - -2 - y/(6 + -1). What is the highest common divisor of 23 and h?
23
Suppose -791 = 2*m - 7659. Suppose -3*g = 3*c - 2*c - m, 8 = 4*c. Let z be 1*-1*g/(-24)*3. What is the highest common divisor of 13 and z?
13
Let b(n) = -4*n**2 - 2*n - 10. Let h be b(6). Let u = h + 198. Suppose 2*x + m - 10 = 0, 4*x = 4*m + 6 + 2. Calculate the highest common divisor of x and u.
4
Suppose -2*w + i + 4 = 0, 2*w = 5*w - 2*i - 6. Suppose 0 = -2*y - 0*y - v + 36, y - w*v = 8. Let j = -9 + 17. What is the greatest common divisor of j and y?
8
Suppose -56*z + 97 = 3*h - 54*z, -4*h = -2*z - 92. Let j be 256/14 + 4/(-14). Calculate the greatest common factor of j and h.
9
Let v(g) = 9 - 6*g - 9 - 24. Let n be v(-7). Suppose o - 4*o + 288 = 4*z, z - 72 = 4*o. What is the highest common factor of n and z?
18
Let w(r) = -146*r + 13. Let s be w(-8). Suppose -8*b = -s + 413. Calculate the highest common divisor of b and 20.
4
Let r be 182 + 2/(-2) - 1. Let b = -335723 - -335763. What is the greatest common divisor of b and r?
20
Let m be 123250/18 + (-4550)/630 + (1 - -6). What is the highest common factor of 41 and m?
41
Let q = 2351 + -767. Suppose 11*g = -22*g + q. What is the highest common divisor of g and 112?
16
Let j(u) = -8*u + 13*u - u**2 - 10*u - u + 4. Let i be j(-6). Let x be (0 + i)*(-5)/(-2). What is the highest common factor of x and 20?
10
Let s be 3 + -1 - 0 - -88. Let a(z) = 3*z**3 - 17*z**2 + 11*z + 5. Let f be 4/((0 + -1)*(-80)/100). Let h be a(f). What is the highest common factor of h and s?
10
Suppose 0 = -3*q + 4*p + 109, q + 3*p + 178 = 6*q. Calculate the highest common factor of q and 8120.
35
Let r = 32 - 10. Suppose 2*y = 2*w - 8, -w + 11 = -5*y + 3. Let n be (-4 + w + -1)*-121. Calculate the highest common divisor of n and r.
22
Suppose 0 = 12*b - 1534 - 7958. Calculate the highest common divisor of 28 and b.
7
Let g(b) = -b**3 - 32*b**2 - 2*b + 915. Let s be g(-31). What is the highest common factor of 35728 and s?
16
Let m = -330 - -539. Let f = -133 + m. Let k = 2143 + -2124. Calculate the highest common factor of k and f.
19
Let m(k) = k + 21. Let d be m(-10). Let y(h) = -4*h + 26. Let z be y(-24). Let i = z + -1. What is the greatest common factor of d and i?
11
Suppose -16 - 6 = m - 102. C